{"id":858,"date":"2023-04-26T12:40:24","date_gmt":"2023-04-26T12:40:24","guid":{"rendered":"https:\/\/jlfsas.com\/?post_type=product&#038;p=858"},"modified":"2023-05-15T12:47:44","modified_gmt":"2023-05-15T12:47:44","slug":"sikafloor-200-level","status":"publish","type":"product","link":"https:\/\/jlfsas.com\/?product=sikafloor-200-level","title":{"rendered":"Sikafloor -200 Level"},"content":{"rendered":"<p>Sikafloor\u00ae-200 Level es un mortero\u00a0autonivelante, modificado con pol\u00edmeros y de r\u00e1pido endurecimiento, para la nivelaci\u00f3n de pisos y carpetas interiores previo a la aplicaci\u00f3n del acabado final.<br \/>\nAutonivelante y con buena resistencia mec\u00e1nica.<br \/>\nAdecuado para aplicaciones sobre losas radiantes.<br \/>\nBombeable.<br \/>\nR\u00e1pida aplicaci\u00f3n.<\/p>\n<p><button style=\"background-color: red;\" spellcheck=\"false\" data-lt-tmp-id=\"lt-446323\" data-gramm=\"false\"><a style=\"color: white;\" href=\"http:\/\/jlfsas.com\/wp-content\/uploads\/2023\/04\/sikafloor_-200_level-JLF-SAS.pdf\" target=\"_blank\" rel=\"noopener\">Descargar Ficha T\u00e9cnica<\/a> <\/button><\/p>\n","protected":false},"excerpt":{"rendered":"<p>Sikafloor\u00ae-200 Level es un mortero\u00a0autonivelante, modificado con pol\u00edmeros y de r\u00e1pido endurecimiento, para la nivelaci\u00f3n de pisos y carpetas interiores previo a la aplicaci\u00f3n del acabado final.<\/p>\n","protected":false},"featured_media":859,"comment_status":"open","ping_status":"closed","template":"","meta":[],"product_cat":[28],"product_tag":[],"_links":{"self":[{"href":"https:\/\/jlfsas.com\/index.php?rest_route=\/wp\/v3\/product\/858"}],"collection":[{"href":"https:\/\/jlfsas.com\/index.php?rest_route=\/wp\/v3\/product"}],"about":[{"href":"https:\/\/jlfsas.com\/index.php?rest_route=\/wp\/v2\/types\/product"}],"replies":[{"embeddable":true,"href":"https:\/\/jlfsas.com\/index.php?rest_route=%2Fwp%2Fv2%2Fcomments&post=858"}],"wp:featuredmedia":[{"embeddable":true,"href":"https:\/\/jlfsas.com\/index.php?rest_route=\/wp\/v2\/media\/859"}],"wp:attachment":[{"href":"https:\/\/jlfsas.com\/index.php?rest_route=%2Fwp%2Fv2%2Fmedia&parent=858"}],"wp:term":[{"taxonomy":"product_cat","embeddable":true,"href":"https:\/\/jlfsas.com\/index.php?rest_route=%2Fwp%2Fv2%2Fproduct_cat&post=858"},{"taxonomy":"product_tag","embeddable":true,"href":"https:\/\/jlfsas.com\/index.php?rest_route=%2Fwp%2Fv2%2Fproduct_tag&post=858"}],"curies":[{"name":"wp","href":"https:\/\/api.w.org\/{rel}","templated":true}]}}