{"id":801,"date":"2023-04-22T14:51:05","date_gmt":"2023-04-22T14:51:05","guid":{"rendered":"https:\/\/jlfsas.com\/?post_type=product&#038;p=801"},"modified":"2024-10-23T21:45:35","modified_gmt":"2024-10-23T21:45:35","slug":"binda-fix-basico-impermeable","status":"publish","type":"product","link":"https:\/\/jlfsas.com\/?product=binda-fix-basico-impermeable","title":{"rendered":"Binda Fix Basico Impermeable"},"content":{"rendered":"<p>BindaFix\u00ae B\u00e1sico es una mezcla adhesiva cement\u00edcia impermeable que se utiliza para la colocaci\u00f3n de cer\u00e1micos y revestimientos en pisos y paredes.<\/p>\n<p>Propiedades impermeables.<br \/>\nPosibilita terminaciones perfectas.<br \/>\nF\u00e1cil mezclado y aplicaci\u00f3n.<\/p>\n<p><strong>Consumo estimado:\u00a0Seg\u00fan las condiciones del sustrato y la forma de aplicaci\u00f3n, se estiman los siguientes valores:<\/strong><\/p>\n<ul>\n<li><strong>llana de 8 mm: \u00a0 \u00a0 4 kg \/ m2<\/strong><\/li>\n<li><strong>llana de 10 mm:\u00a0\u00a0 5 kg \/ m2<\/strong><\/li>\n<li><strong>llana de 12 mm:\u00a0\u00a0 6 kg \/ m2<\/strong><\/li>\n<\/ul>\n<p>&nbsp;<\/p>\n<p><button style=\"background-color: red;\" spellcheck=\"false\" data-lt-tmp-id=\"lt-446323\" data-gramm=\"false\"><a style=\"color: white;\" href=\"http:\/\/jlfsas.com\/wp-content\/uploads\/2023\/04\/bindafix-basico-JLF-SAS.pdf\" target=\"_blank\" rel=\"noopener\">Descargar Ficha T\u00e9cnica<\/a> <\/button><\/p>\n","protected":false},"excerpt":{"rendered":"<p>BindaFix\u00ae B\u00e1sico es una mezcla adhesiva cement\u00edcia impermeable que se utiliza para la colocaci\u00f3n de cer\u00e1micos y revestimientos en pisos y paredes.<\/p>\n","protected":false},"featured_media":802,"comment_status":"open","ping_status":"closed","template":"","meta":[],"product_cat":[24],"product_tag":[],"_links":{"self":[{"href":"https:\/\/jlfsas.com\/index.php?rest_route=\/wp\/v3\/product\/801"}],"collection":[{"href":"https:\/\/jlfsas.com\/index.php?rest_route=\/wp\/v3\/product"}],"about":[{"href":"https:\/\/jlfsas.com\/index.php?rest_route=\/wp\/v2\/types\/product"}],"replies":[{"embeddable":true,"href":"https:\/\/jlfsas.com\/index.php?rest_route=%2Fwp%2Fv2%2Fcomments&post=801"}],"wp:featuredmedia":[{"embeddable":true,"href":"https:\/\/jlfsas.com\/index.php?rest_route=\/wp\/v2\/media\/802"}],"wp:attachment":[{"href":"https:\/\/jlfsas.com\/index.php?rest_route=%2Fwp%2Fv2%2Fmedia&parent=801"}],"wp:term":[{"taxonomy":"product_cat","embeddable":true,"href":"https:\/\/jlfsas.com\/index.php?rest_route=%2Fwp%2Fv2%2Fproduct_cat&post=801"},{"taxonomy":"product_tag","embeddable":true,"href":"https:\/\/jlfsas.com\/index.php?rest_route=%2Fwp%2Fv2%2Fproduct_tag&post=801"}],"curies":[{"name":"wp","href":"https:\/\/api.w.org\/{rel}","templated":true}]}}