{"id":799,"date":"2023-04-22T14:47:05","date_gmt":"2023-04-22T14:47:05","guid":{"rendered":"https:\/\/jlfsas.com\/?post_type=product&#038;p=799"},"modified":"2024-10-23T21:52:00","modified_gmt":"2024-10-23T21:52:00","slug":"sika-ceram-flexible","status":"publish","type":"product","link":"https:\/\/jlfsas.com\/?product=sika-ceram-flexible","title":{"rendered":"Sika Ceram Flexible"},"content":{"rendered":"<p>SikaCeram\u00ae Flexible es una mezcla cement\u00edcia adhesiva impermeable, tixotr\u00f3pica, de muy buena plasticidad y altas prestaciones, en base a ligantes hidr\u00e1ulicos y arenas de granulometr\u00eda controlada, con alta adici\u00f3n de pol\u00edmeros, que le otorgan muy buena flexibilidad. Listo para su uso, solo se le agrega agua.<\/p>\n<ul>\n<li>Monocomponente.<\/li>\n<li>Listo para usar, se mezcla solo con agua.<\/li>\n<li>Puede ser aplicado tanto en interiores como exteriores, en superficies horizontales y verticales, sin deslizamiento.<\/li>\n<\/ul>\n<p>&nbsp;<\/p>\n<p><strong>Consumo estimado:\u00a0Seg\u00fan las condiciones del sustrato y la forma de aplicaci\u00f3n, se estiman los siguientes valores:<\/strong><\/p>\n<ul>\n<li><strong>llana de 8 mm: \u00a0 \u00a0 4 kg \/ m2<\/strong><\/li>\n<li><strong>llana de 10 mm:\u00a0\u00a0 5 kg \/ m2<\/strong><\/li>\n<li><strong>llana de 12 mm:\u00a0\u00a0 6 kg \/ m2<\/strong><\/li>\n<\/ul>\n<p>&nbsp;<\/p>\n<p><button style=\"background-color: red;\" spellcheck=\"false\" data-lt-tmp-id=\"lt-446323\" data-gramm=\"false\"><a style=\"color: white;\" href=\"http:\/\/jlfsas.com\/wp-content\/uploads\/2023\/04\/sikaceram-flexible-JLF-SA.pdf\" target=\"_blank\" rel=\"noopener\">Descargar Ficha T\u00e9cnica<\/a> <\/button><\/p>\n","protected":false},"excerpt":{"rendered":"<p>SikaCeram\u00ae Flexible es una mezcla cement\u00edcia adhesiva impermeable, tixotr\u00f3pica, de muy buena plasticidad y altas prestaciones, en base a ligantes hidr\u00e1ulicos y arenas de granulometr\u00eda controlada, con alta adici\u00f3n de pol\u00edmeros, que le otorgan muy buena flexibilidad.<\/p>\n","protected":false},"featured_media":800,"comment_status":"open","ping_status":"closed","template":"","meta":[],"product_cat":[24],"product_tag":[],"_links":{"self":[{"href":"https:\/\/jlfsas.com\/index.php?rest_route=\/wp\/v3\/product\/799"}],"collection":[{"href":"https:\/\/jlfsas.com\/index.php?rest_route=\/wp\/v3\/product"}],"about":[{"href":"https:\/\/jlfsas.com\/index.php?rest_route=\/wp\/v2\/types\/product"}],"replies":[{"embeddable":true,"href":"https:\/\/jlfsas.com\/index.php?rest_route=%2Fwp%2Fv2%2Fcomments&post=799"}],"wp:featuredmedia":[{"embeddable":true,"href":"https:\/\/jlfsas.com\/index.php?rest_route=\/wp\/v2\/media\/800"}],"wp:attachment":[{"href":"https:\/\/jlfsas.com\/index.php?rest_route=%2Fwp%2Fv2%2Fmedia&parent=799"}],"wp:term":[{"taxonomy":"product_cat","embeddable":true,"href":"https:\/\/jlfsas.com\/index.php?rest_route=%2Fwp%2Fv2%2Fproduct_cat&post=799"},{"taxonomy":"product_tag","embeddable":true,"href":"https:\/\/jlfsas.com\/index.php?rest_route=%2Fwp%2Fv2%2Fproduct_tag&post=799"}],"curies":[{"name":"wp","href":"https:\/\/api.w.org\/{rel}","templated":true}]}}