{"id":794,"date":"2023-04-22T14:37:37","date_gmt":"2023-04-22T14:37:37","guid":{"rendered":"https:\/\/jlfsas.com\/?post_type=product&#038;p=794"},"modified":"2024-10-23T21:55:08","modified_gmt":"2024-10-23T21:55:08","slug":"sika-ceram-impermeable","status":"publish","type":"product","link":"https:\/\/jlfsas.com\/?product=sika-ceram-impermeable","title":{"rendered":"Sika Ceram Impermeable"},"content":{"rendered":"<p>SikaCeram\u00ae Impermeable es una mezcla cement\u00edcia adhesiva impermeable, en base a ligantes hidr\u00e1ulicos, aditivos y arenas de granulometr\u00eda controlada.<\/p>\n<ul>\n<li>Adhiere sobre revoque a la cal, mortero, hormig\u00f3n, bloques, elementos premoldeados, etc. Tanto interiores como exteriores.<\/li>\n<li>Es inalterable a la humedad ambiente, a la humedad ascendente, a la condensaci\u00f3n de vapor de agua y a la acci\u00f3n del agua de lluvia.<\/li>\n<li>No es barrera de vapor.<\/li>\n<\/ul>\n<p>&nbsp;<\/p>\n<p><strong>Consumo estimado:\u00a0Seg\u00fan las condiciones del sustrato y la forma de aplicaci\u00f3n, se estiman los siguientes valores:<\/strong><\/p>\n<ul>\n<li><strong>llana de 8 mm: \u00a0 \u00a0 4 kg \/ m2<\/strong><\/li>\n<li><strong>llana de 10 mm:\u00a0\u00a0 5 kg \/ m2<\/strong><\/li>\n<li><strong>llana de 12 mm:\u00a0\u00a0 6 kg \/ m2<\/strong><\/li>\n<\/ul>\n<p>&nbsp;<\/p>\n<p><button style=\"background-color: red;\" spellcheck=\"false\" data-lt-tmp-id=\"lt-446323\" data-gramm=\"false\"><a style=\"color: white;\" href=\"http:\/\/jlfsas.com\/wp-content\/uploads\/2023\/04\/sikaceram_impermeable-JLF-SAS.pdf\" target=\"_blank\" rel=\"noopener\">Descargar Ficha T\u00e9cnica<\/a> &lt;\/button<\/button><\/p>\n","protected":false},"excerpt":{"rendered":"<p>SikaCeram\u00ae Impermeable es una mezcla cement\u00edcia adhesiva impermeable, en base a ligantes hidr\u00e1ulicos, aditivos y arenas de granulometr\u00eda controlada.<\/p>\n","protected":false},"featured_media":795,"comment_status":"open","ping_status":"closed","template":"","meta":[],"product_cat":[24],"product_tag":[],"_links":{"self":[{"href":"https:\/\/jlfsas.com\/index.php?rest_route=\/wp\/v3\/product\/794"}],"collection":[{"href":"https:\/\/jlfsas.com\/index.php?rest_route=\/wp\/v3\/product"}],"about":[{"href":"https:\/\/jlfsas.com\/index.php?rest_route=\/wp\/v2\/types\/product"}],"replies":[{"embeddable":true,"href":"https:\/\/jlfsas.com\/index.php?rest_route=%2Fwp%2Fv2%2Fcomments&post=794"}],"wp:featuredmedia":[{"embeddable":true,"href":"https:\/\/jlfsas.com\/index.php?rest_route=\/wp\/v2\/media\/795"}],"wp:attachment":[{"href":"https:\/\/jlfsas.com\/index.php?rest_route=%2Fwp%2Fv2%2Fmedia&parent=794"}],"wp:term":[{"taxonomy":"product_cat","embeddable":true,"href":"https:\/\/jlfsas.com\/index.php?rest_route=%2Fwp%2Fv2%2Fproduct_cat&post=794"},{"taxonomy":"product_tag","embeddable":true,"href":"https:\/\/jlfsas.com\/index.php?rest_route=%2Fwp%2Fv2%2Fproduct_tag&post=794"}],"curies":[{"name":"wp","href":"https:\/\/api.w.org\/{rel}","templated":true}]}}