{"id":754,"date":"2023-04-22T12:40:33","date_gmt":"2023-04-22T12:40:33","guid":{"rendered":"https:\/\/jlfsas.com\/?post_type=product&#038;p=754"},"modified":"2023-05-16T21:32:26","modified_gmt":"2023-05-16T21:32:26","slug":"sika-1","status":"publish","type":"product","link":"https:\/\/jlfsas.com\/?product=sika-1","title":{"rendered":"Sika -1"},"content":{"rendered":"<p>Sika\u00ae-1 es un aditivo l\u00edquido inorg\u00e1nico de fraguado normal y acci\u00f3n hidr\u00f3fuga para mezclas cement\u00edcias.<\/p>\n<p>Sika\u00ae-1 bloquea la capilaridad y los poros de la matriz cementic\u00eda, para proveer una efectiva barrera contra la transmisi\u00f3n de agua.<br \/>\nPosee part\u00edculas muy finas, por lo tanto se mezcla muy bien con los dem\u00e1s componentes del mortero de cemento, produciendo los mejores resultados de impermeabilidad.<br \/>\nReacciona con la cal libre del cemento en hidrataci\u00f3n, formando un gel microcristalino e insoluble, que obtura los poros y capilares del mortero.<br \/>\nInorg\u00e1nico, por lo tanto no se degrada, su acci\u00f3n no disminuye con el tiempo y su efecto es permanente.<\/p>\n<p><button style=\"background-color: red;\" spellcheck=\"false\" data-lt-tmp-id=\"lt-446323\" data-gramm=\"false\"><a style=\"color: white;\" href=\"http:\/\/jlfsas.com\/wp-content\/uploads\/2023\/04\/sika-1-JLF-SAS.pdf\" target=\"_blank\" rel=\"noopener\">Descargar Ficha T\u00e9cnica<\/a> <\/button><\/p>\n","protected":false},"excerpt":{"rendered":"<p>Sika\u00ae-1 es un aditivo l\u00edquido inorg\u00e1nico de fraguado normal y acci\u00f3n hidr\u00f3fuga para mezclas cement\u00edcias.<\/p>\n","protected":false},"featured_media":755,"comment_status":"open","ping_status":"closed","template":"","meta":[],"product_cat":[23],"product_tag":[],"_links":{"self":[{"href":"https:\/\/jlfsas.com\/index.php?rest_route=\/wp\/v3\/product\/754"}],"collection":[{"href":"https:\/\/jlfsas.com\/index.php?rest_route=\/wp\/v3\/product"}],"about":[{"href":"https:\/\/jlfsas.com\/index.php?rest_route=\/wp\/v2\/types\/product"}],"replies":[{"embeddable":true,"href":"https:\/\/jlfsas.com\/index.php?rest_route=%2Fwp%2Fv2%2Fcomments&post=754"}],"wp:featuredmedia":[{"embeddable":true,"href":"https:\/\/jlfsas.com\/index.php?rest_route=\/wp\/v2\/media\/755"}],"wp:attachment":[{"href":"https:\/\/jlfsas.com\/index.php?rest_route=%2Fwp%2Fv2%2Fmedia&parent=754"}],"wp:term":[{"taxonomy":"product_cat","embeddable":true,"href":"https:\/\/jlfsas.com\/index.php?rest_route=%2Fwp%2Fv2%2Fproduct_cat&post=754"},{"taxonomy":"product_tag","embeddable":true,"href":"https:\/\/jlfsas.com\/index.php?rest_route=%2Fwp%2Fv2%2Fproduct_tag&post=754"}],"curies":[{"name":"wp","href":"https:\/\/api.w.org\/{rel}","templated":true}]}}