{"id":735,"date":"2023-04-21T14:41:38","date_gmt":"2023-04-21T14:41:38","guid":{"rendered":"https:\/\/jlfsas.com\/?post_type=product&#038;p=735"},"modified":"2023-05-17T12:33:58","modified_gmt":"2023-05-17T12:33:58","slug":"sikalastic-frentes-2","status":"publish","type":"product","link":"https:\/\/jlfsas.com\/?product=sikalastic-frentes-2","title":{"rendered":"Sikalastic Frentes"},"content":{"rendered":"<p>Sikalastic\u00ae Frentes es un impermeabilizante en base a dispersi\u00f3n acuosa de pol\u00edmeros acr\u00edlicos con poliuretano, de excelente calidad y performance, altamente el\u00e1stica y resistente a los rayos UV, para decorar, proteger e impermeabilizar paredes expuestas a la intemperie.<\/p>\n<p>M\u00e1ximo poder cubritivo e impermeable.<br \/>\nMayor elasticidad por el agregado de Poliuretano.<br \/>\nM\u00e1xima adherencia a cualquier sustrato.<\/p>\n<p><button style=\"background-color: red;\" spellcheck=\"false\" data-lt-tmp-id=\"lt-446323\" data-gramm=\"false\"><a style=\"color: white;\" href=\"http:\/\/jlfsas.com\/wp-content\/uploads\/2023\/04\/sikalastic_frentes-JLF-SAS.pdf\" target=\"_blank\" rel=\"noopener\">Descargar Ficha T\u00e9cnica<\/a> <\/button><\/p>\n","protected":false},"excerpt":{"rendered":"<p>Impermeabilizante para frentes y muros, con poliuretano.<\/p>\n","protected":false},"featured_media":736,"comment_status":"open","ping_status":"closed","template":"","meta":[],"product_cat":[23],"product_tag":[],"_links":{"self":[{"href":"https:\/\/jlfsas.com\/index.php?rest_route=\/wp\/v3\/product\/735"}],"collection":[{"href":"https:\/\/jlfsas.com\/index.php?rest_route=\/wp\/v3\/product"}],"about":[{"href":"https:\/\/jlfsas.com\/index.php?rest_route=\/wp\/v2\/types\/product"}],"replies":[{"embeddable":true,"href":"https:\/\/jlfsas.com\/index.php?rest_route=%2Fwp%2Fv2%2Fcomments&post=735"}],"wp:featuredmedia":[{"embeddable":true,"href":"https:\/\/jlfsas.com\/index.php?rest_route=\/wp\/v2\/media\/736"}],"wp:attachment":[{"href":"https:\/\/jlfsas.com\/index.php?rest_route=%2Fwp%2Fv2%2Fmedia&parent=735"}],"wp:term":[{"taxonomy":"product_cat","embeddable":true,"href":"https:\/\/jlfsas.com\/index.php?rest_route=%2Fwp%2Fv2%2Fproduct_cat&post=735"},{"taxonomy":"product_tag","embeddable":true,"href":"https:\/\/jlfsas.com\/index.php?rest_route=%2Fwp%2Fv2%2Fproduct_tag&post=735"}],"curies":[{"name":"wp","href":"https:\/\/api.w.org\/{rel}","templated":true}]}}