{"id":428,"date":"2023-02-18T01:43:26","date_gmt":"2023-02-18T01:43:26","guid":{"rendered":"https:\/\/jlfsas.com\/?post_type=product&#038;p=428"},"modified":"2023-05-17T12:58:39","modified_gmt":"2023-05-17T12:58:39","slug":"sikafill-termico","status":"publish","type":"product","link":"https:\/\/jlfsas.com\/?product=sikafill-termico","title":{"rendered":"SikaFill\u00ae T\u00e9rmico"},"content":{"rendered":"<p>SikaFill\u00ae T\u00e9rmico es una membrana l\u00edquida acr\u00edlica impermeable, con cargas y pigmentos que favorecen la reflectividad de la radiaci\u00f3n solar, colaborando con la aislaci\u00f3n t\u00e9rmica de los locales ubicados debajo. Una vez seca, conforma un recubrimiento impermeable, el\u00e1stico, flexible y continuo, con un alto porcentaje de reflexi\u00f3n de los rayos solares.<\/p>\n<p>Excelente impermeabilidad al agua de lluvia<br \/>\nLa formulaci\u00f3n contiene cargas y pigmentos blancos reflectivos que mejoran la aislaci\u00f3n t\u00e9rmica contribuyendo al ahorro de energ\u00eda<br \/>\nResistente a la intemperie y la radiaci\u00f3n ultravioleta<\/p>\n<p><button style=\"background-color: red;\" spellcheck=\"false\" data-lt-tmp-id=\"lt-446323\" data-gramm=\"false\"><a style=\"color: white;\" href=\"http:\/\/jlfsas.com\/wp-content\/uploads\/2023\/02\/sikafill_termico-JLF-SAS.pdf\" target=\"_blank\" rel=\"noopener\">Descargar Ficha T\u00e9cnica<\/a> <\/button><\/p>\n","protected":false},"excerpt":{"rendered":"<p>Membrana l\u00edquida acr\u00edlica reflectiva e impermeabilizante para techos.<\/p>\n","protected":false},"featured_media":414,"comment_status":"open","ping_status":"closed","template":"","meta":[],"product_cat":[23],"product_tag":[],"_links":{"self":[{"href":"https:\/\/jlfsas.com\/index.php?rest_route=\/wp\/v3\/product\/428"}],"collection":[{"href":"https:\/\/jlfsas.com\/index.php?rest_route=\/wp\/v3\/product"}],"about":[{"href":"https:\/\/jlfsas.com\/index.php?rest_route=\/wp\/v2\/types\/product"}],"replies":[{"embeddable":true,"href":"https:\/\/jlfsas.com\/index.php?rest_route=%2Fwp%2Fv2%2Fcomments&post=428"}],"wp:featuredmedia":[{"embeddable":true,"href":"https:\/\/jlfsas.com\/index.php?rest_route=\/wp\/v2\/media\/414"}],"wp:attachment":[{"href":"https:\/\/jlfsas.com\/index.php?rest_route=%2Fwp%2Fv2%2Fmedia&parent=428"}],"wp:term":[{"taxonomy":"product_cat","embeddable":true,"href":"https:\/\/jlfsas.com\/index.php?rest_route=%2Fwp%2Fv2%2Fproduct_cat&post=428"},{"taxonomy":"product_tag","embeddable":true,"href":"https:\/\/jlfsas.com\/index.php?rest_route=%2Fwp%2Fv2%2Fproduct_tag&post=428"}],"curies":[{"name":"wp","href":"https:\/\/api.w.org\/{rel}","templated":true}]}}