{"id":426,"date":"2023-02-18T01:42:17","date_gmt":"2023-02-18T01:42:17","guid":{"rendered":"https:\/\/jlfsas.com\/?post_type=product&#038;p=426"},"modified":"2023-05-17T13:05:48","modified_gmt":"2023-05-17T13:05:48","slug":"sikafill-fibrado","status":"publish","type":"product","link":"https:\/\/jlfsas.com\/?product=sikafill-fibrado","title":{"rendered":"SikaFill\u00ae Fibrado"},"content":{"rendered":"<p>SikaFill\u00ae Fibrado es una emulsi\u00f3n acr\u00edlica con fibras incorporadas para la impermeabilizaci\u00f3n de techos y terrazas. Se aplica en fr\u00edo y conforma una membrana continua, flexible y resistente a tr\u00e1nsito ocasional.<\/p>\n<p>Forma una membrana el\u00e1stica e impermeable.<br \/>\nAplicaci\u00f3n en fr\u00edo.<br \/>\nResiste desgaste mec\u00e1nico.<\/p>\n<p>El agregado de fibras le permite tomar el movimiento de micro-fisuras.<br \/>\nMuy buena durabilidad, apto para rehabilitar.<br \/>\nMantiene sus propiedades el\u00e1sticas durante varios ciclos t\u00e9rmicos.<\/p>\n<p><button style=\"background-color: red;\" spellcheck=\"false\" data-lt-tmp-id=\"lt-446323\" data-gramm=\"false\"><a style=\"color: white;\" href=\"http:\/\/jlfsas.com\/wp-content\/uploads\/2023\/02\/sikafill_fibrado-JLF-SAS.pdf\" target=\"_blank\" rel=\"noopener\">Descargar Ficha T\u00e9cnica<\/a> <\/button><\/p>\n","protected":false},"excerpt":{"rendered":"<p>Membrana l\u00edquida acr\u00edlica impermeabilizante para techos con fibras.<\/p>\n","protected":false},"featured_media":416,"comment_status":"open","ping_status":"closed","template":"","meta":[],"product_cat":[23],"product_tag":[],"_links":{"self":[{"href":"https:\/\/jlfsas.com\/index.php?rest_route=\/wp\/v3\/product\/426"}],"collection":[{"href":"https:\/\/jlfsas.com\/index.php?rest_route=\/wp\/v3\/product"}],"about":[{"href":"https:\/\/jlfsas.com\/index.php?rest_route=\/wp\/v2\/types\/product"}],"replies":[{"embeddable":true,"href":"https:\/\/jlfsas.com\/index.php?rest_route=%2Fwp%2Fv2%2Fcomments&post=426"}],"wp:featuredmedia":[{"embeddable":true,"href":"https:\/\/jlfsas.com\/index.php?rest_route=\/wp\/v2\/media\/416"}],"wp:attachment":[{"href":"https:\/\/jlfsas.com\/index.php?rest_route=%2Fwp%2Fv2%2Fmedia&parent=426"}],"wp:term":[{"taxonomy":"product_cat","embeddable":true,"href":"https:\/\/jlfsas.com\/index.php?rest_route=%2Fwp%2Fv2%2Fproduct_cat&post=426"},{"taxonomy":"product_tag","embeddable":true,"href":"https:\/\/jlfsas.com\/index.php?rest_route=%2Fwp%2Fv2%2Fproduct_tag&post=426"}],"curies":[{"name":"wp","href":"https:\/\/api.w.org\/{rel}","templated":true}]}}