{"id":425,"date":"2023-02-18T01:41:30","date_gmt":"2023-02-18T01:41:30","guid":{"rendered":"https:\/\/jlfsas.com\/?post_type=product&#038;p=425"},"modified":"2023-05-17T13:08:24","modified_gmt":"2023-05-17T13:08:24","slug":"sikafill-tapagoteras","status":"publish","type":"product","link":"https:\/\/jlfsas.com\/?product=sikafill-tapagoteras","title":{"rendered":"SikaFill\u00ae Tapagoteras"},"content":{"rendered":"<p>SikaFill\u00ae Tapagoteras es un l\u00edquido de base acr\u00edlica, compuesto por pol\u00edmeros en dispersi\u00f3n y aditivos especiales, formulado para sellar goteras y filtraciones en superficies porosas. Su elevada fluidez le permite penetrar y obturar poros y microfisuras. Transparente y transitable.<\/p>\n<p>Aplicaci\u00f3n r\u00e1pida y sencilla.<br \/>\nEs transparente, no altera la apariencia de la base.<br \/>\nPenetra en profundidad, obturando poros y microfisuras.<\/p>\n<p><button style=\"background-color: red;\" spellcheck=\"false\" data-lt-tmp-id=\"lt-446323\" data-gramm=\"false\"><a style=\"color: white;\" href=\"http:\/\/jlfsas.com\/wp-content\/uploads\/2023\/02\/Sikafill_tapagoteras-JLF-SAS.pdf\" target=\"_blank\" rel=\"noopener\">Descargar Ficha T\u00e9cnica<\/a> <\/button><\/p>\n","protected":false},"excerpt":{"rendered":"<p>Impermeabilizante transparente y transitable, para terrazas de superficies porosas.<\/p>\n","protected":false},"featured_media":417,"comment_status":"open","ping_status":"closed","template":"","meta":[],"product_cat":[23],"product_tag":[],"_links":{"self":[{"href":"https:\/\/jlfsas.com\/index.php?rest_route=\/wp\/v3\/product\/425"}],"collection":[{"href":"https:\/\/jlfsas.com\/index.php?rest_route=\/wp\/v3\/product"}],"about":[{"href":"https:\/\/jlfsas.com\/index.php?rest_route=\/wp\/v2\/types\/product"}],"replies":[{"embeddable":true,"href":"https:\/\/jlfsas.com\/index.php?rest_route=%2Fwp%2Fv2%2Fcomments&post=425"}],"wp:featuredmedia":[{"embeddable":true,"href":"https:\/\/jlfsas.com\/index.php?rest_route=\/wp\/v2\/media\/417"}],"wp:attachment":[{"href":"https:\/\/jlfsas.com\/index.php?rest_route=%2Fwp%2Fv2%2Fmedia&parent=425"}],"wp:term":[{"taxonomy":"product_cat","embeddable":true,"href":"https:\/\/jlfsas.com\/index.php?rest_route=%2Fwp%2Fv2%2Fproduct_cat&post=425"},{"taxonomy":"product_tag","embeddable":true,"href":"https:\/\/jlfsas.com\/index.php?rest_route=%2Fwp%2Fv2%2Fproduct_tag&post=425"}],"curies":[{"name":"wp","href":"https:\/\/api.w.org\/{rel}","templated":true}]}}