{"id":1119,"date":"2023-05-29T13:19:56","date_gmt":"2023-05-29T13:19:56","guid":{"rendered":"https:\/\/jlfsas.com\/?post_type=product&#038;p=1119"},"modified":"2023-05-29T13:31:47","modified_gmt":"2023-05-29T13:31:47","slug":"limpiador-acido-multiuso","status":"publish","type":"product","link":"https:\/\/jlfsas.com\/?product=limpiador-acido-multiuso","title":{"rendered":"Limpiador Acido Multiuso"},"content":{"rendered":"<p>Merclin SP-5 Limpiador Acido Multiuso 1 litro<\/p>\n<p>&#8211; Es un producto desarrollado para reemplazar el \u00e1cido muri\u00e1tico. Su exclusiva formula contiene \u00e1cido muri\u00e1tico combinado con otros \u00e1cidos que potencian su efecto y brindan al usuario menos riesgo en el uso y se ajusta a la legislaci\u00f3n vigente (SEDRONAR).<br \/>\n&#8211; Est\u00e1 especialmente formulado para m\u00faltiples usos en limpieza de pisos y paredes, calefones y ca\u00f1er\u00edas. Neutraliza las sales (\u00e1lcalis) de revoques y ladrillos promoviendo la adherencia de las pinturas y recubrimientos.<\/p>\n<p><button style=\"background-color: red;\" spellcheck=\"false\" data-lt-tmp-id=\"lt-446323\" data-gramm=\"false\"><a style=\"color: white;\" href=\"http:\/\/jlfsas.com\/wp-content\/uploads\/2023\/05\/LIMPIADOR-ACIDO-SP-5-JLF-SAS.pdf\" target=\"_blank\" rel=\"noopener\">Descargar Ficha T\u00e9cnica<\/a> <\/button>}<\/p>\n","protected":false},"excerpt":{"rendered":"<p>Reemplaza al \u00e1cido muri\u00e1tico en todos sus usos, ideal para limpieza de obra de pisos, ladrillos y tejas, elimina el sarro. Apto para limpieza y mantenimiento de piscinas. Regula el PH<\/p>\n","protected":false},"featured_media":1121,"comment_status":"open","ping_status":"closed","template":"","meta":[],"product_cat":[30,29,28],"product_tag":[],"_links":{"self":[{"href":"https:\/\/jlfsas.com\/index.php?rest_route=\/wp\/v3\/product\/1119"}],"collection":[{"href":"https:\/\/jlfsas.com\/index.php?rest_route=\/wp\/v3\/product"}],"about":[{"href":"https:\/\/jlfsas.com\/index.php?rest_route=\/wp\/v2\/types\/product"}],"replies":[{"embeddable":true,"href":"https:\/\/jlfsas.com\/index.php?rest_route=%2Fwp%2Fv2%2Fcomments&post=1119"}],"wp:featuredmedia":[{"embeddable":true,"href":"https:\/\/jlfsas.com\/index.php?rest_route=\/wp\/v2\/media\/1121"}],"wp:attachment":[{"href":"https:\/\/jlfsas.com\/index.php?rest_route=%2Fwp%2Fv2%2Fmedia&parent=1119"}],"wp:term":[{"taxonomy":"product_cat","embeddable":true,"href":"https:\/\/jlfsas.com\/index.php?rest_route=%2Fwp%2Fv2%2Fproduct_cat&post=1119"},{"taxonomy":"product_tag","embeddable":true,"href":"https:\/\/jlfsas.com\/index.php?rest_route=%2Fwp%2Fv2%2Fproduct_tag&post=1119"}],"curies":[{"name":"wp","href":"https:\/\/api.w.org\/{rel}","templated":true}]}}