{"id":1111,"date":"2023-05-29T12:57:04","date_gmt":"2023-05-29T12:57:04","guid":{"rendered":"https:\/\/jlfsas.com\/?post_type=product&#038;p=1111"},"modified":"2023-05-29T13:01:38","modified_gmt":"2023-05-29T13:01:38","slug":"desoxidante-fosfatizante","status":"publish","type":"product","link":"https:\/\/jlfsas.com\/?product=desoxidante-fosfatizante","title":{"rendered":"Desoxidante Fosfatizante"},"content":{"rendered":"<p>Producto con propiedades desengrasantes, desoxidantes y fosfatizantes. Utilizado de acuerdo a las indicaciones asegura una limpieza inmejorable de superficies de hierro o acero galvanizado. Basado en la acci\u00f3n del acido fosf\u00f3rico y sus sales, fosfatiza la superficie mejorando la adherencia de las pinturas a aplicar.<\/p>\n<p>Para eliminar el \u00f3xido de todo tipo de superficies ferrosas. Tratamiento previo al pintado de sustratos met\u00e1licos, mejora el anclaje de la primera capa de recubrimiento. Otros usos: Agente antisarro en ca\u00f1er\u00edas de agua, sanitarios, etc. Desincrustante para limpieza de piletas de nataci\u00f3n. Destapador de calefones y radiadores.<\/p>\n","protected":false},"excerpt":{"rendered":"<p>Producto con propiedades desengrasantes, desoxidantes y fosfatizantes.<\/p>\n","protected":false},"featured_media":1112,"comment_status":"open","ping_status":"closed","template":"","meta":[],"product_cat":[29],"product_tag":[],"_links":{"self":[{"href":"https:\/\/jlfsas.com\/index.php?rest_route=\/wp\/v3\/product\/1111"}],"collection":[{"href":"https:\/\/jlfsas.com\/index.php?rest_route=\/wp\/v3\/product"}],"about":[{"href":"https:\/\/jlfsas.com\/index.php?rest_route=\/wp\/v2\/types\/product"}],"replies":[{"embeddable":true,"href":"https:\/\/jlfsas.com\/index.php?rest_route=%2Fwp%2Fv2%2Fcomments&post=1111"}],"wp:featuredmedia":[{"embeddable":true,"href":"https:\/\/jlfsas.com\/index.php?rest_route=\/wp\/v2\/media\/1112"}],"wp:attachment":[{"href":"https:\/\/jlfsas.com\/index.php?rest_route=%2Fwp%2Fv2%2Fmedia&parent=1111"}],"wp:term":[{"taxonomy":"product_cat","embeddable":true,"href":"https:\/\/jlfsas.com\/index.php?rest_route=%2Fwp%2Fv2%2Fproduct_cat&post=1111"},{"taxonomy":"product_tag","embeddable":true,"href":"https:\/\/jlfsas.com\/index.php?rest_route=%2Fwp%2Fv2%2Fproduct_tag&post=1111"}],"curies":[{"name":"wp","href":"https:\/\/api.w.org\/{rel}","templated":true}]}}